
In base 11, what is -92 + -11593?
-11675
In base 5, what is -4 - -2130201?
2130142
In base 14, what is -1c5d8 - -3?
-1c5d5
In base 7, what is 446160 - 0?
446160
In base 3, what is -111120002011 - -2?
-111120002002
In base 10, what is -112 + 2742?
2630
In base 8, what is -1 + 32006?
32005
In base 7, what is -5306 - 116?
-5425
In base 14, what is -15650 - 4?
-15654
In base 2, what is -110110110111110 - 1?
-110110110111111
In base 8, what is 2567 + -244?
2323
In base 11, what is 121 + -919?
-7a8
In base 11, what is -9 - -12859?
12850
In base 15, what is 5 + 4706?
470b
In base 13, what is -b4 - -789?
6a5
In base 2, what is 1111101010100 - 11000101?
1111010001111
In base 4, what is -100123 + 1333?
-32130
In base 7, what is -23666410 - 2?
-23666412
In base 14, what is -14 + -4b?
-61
In base 2, what is 1001100111011 + 10?
1001100111101
In base 5, what is -22 - -13203432?
13203410
In base 16, what is -5 + 9cb32?
9cb2d
In base 5, what is -201 - -420130?
414424
In base 15, what is 155a - -17?
1572
In base 3, what is -12 + -1012010200?
-1012010212
In base 9, what is -114860 + -2?
-114862
In base 4, what is -23333 + -130320?
-220313
In base 13, what is 8b871 + -c?
8b862
In base 10, what is 7601 - 1?
7600
In base 2, what is 1001 + -1011101001110?
-1011101000101
In base 3, what is -202220000110 + 11?
-202220000022
In base 2, what is -11101110 + -100010?
-100010000
In base 3, what is -112001022220 + -12?
-112001100002
In base 2, what is -110100110101001 + 100?
-110100110100101
In base 8, what is 5 - -1204?
1211
In base 6, what is -113 - 13425?
-13542
In base 6, what is 0 + -2430253?
-2430253
In base 4, what is -3120 - 1101?
-10221
In base 4, what is 2331232 + -312?
2330320
In base 6, what is -413 - 5043?
-5500
In base 8, what is 7743 - 40?
7703
In base 6, what is 11 + 44212?
44223
In base 13, what is 10acc4 + 4?
10acc8
In base 9, what is -610 + 2183?
1473
In base 9, what is 11111 + -58?
11042
In base 10, what is -15 + -195248?
-195263
In base 5, what is -1104001 - -3?
-1103443
In base 14, what is c - 59db?
-59cd
In base 16, what is -120a - -36?
-11d4
In base 5, what is 4 + 14204?
14213
In base 16, what is c99 - b0?
be9
In base 7, what is -125 - 1222?
-1350
In base 2, what is 101 - 11101101011111010?
-11101101011110101
In base 5, what is 3312434 - -10?
3312444
In base 14, what is 4247 - 3?
4244
In base 5, what is -1121313 - 10?
-1121323
In base 9, what is -38350 + -5?
-38355
In base 4, what is -210111121020 + -3?
-210111121023
In base 2, what is -1011010000 + 11100000?
-111110000
In base 13, what is 3acc2 + 9?
3accb
In base 11, what is -16 + 3203a?
32024
In base 11, what is 4 - -52494?
52498
In base 8, what is 1433 + 171?
1624
In base 16, what is -1903b - 4?
-1903f
In base 11, what is 37a77 - -4?
37a80
In base 3, what is 1201 - -1201011?
1202212
In base 15, what is 2 - 3169e?
-3169c
In base 6, what is -1114102 - -3?
-1114055
In base 13, what is -431b - -35?
-42b6
In base 15, what is 4 - 237c?
-2378
In base 10, what is -24 - 10941?
-10965
In base 14, what is 27 - 985?
-95c
In base 11, what is 25 + 8011?
8036
In base 4, what is -20132 - 32?
-20230
In base 10, what is -31002 - -4?
-30998
In base 3, what is 12 - 22112011?
-22111222
In base 13, what is 4 - 50a?
-506
In base 4, what is 102112101 + -321?
102111120
In base 15, what is -1a0ed - -10?
-1a0dd
In base 14, what is 7 + 4d1b2?
4d1b9
In base 8, what is -5 - -10111?
10104
In base 9, what is 307627 + 5?
307633
In base 12, what is -5207 + a?
-51b9
In base 6, what is -12404 + -35?
-12443
In base 15, what is 11 - -c33?
c44
In base 12, what is 300073 - -3?
300076
In base 16, what is -77a + -3cc?
-b46
In base 8, what is -13 + 40?
25
In base 5, what is 11 + 230224?
230240
In base 12, what is -1a47b6 + 2?
-1a47b4
In base 15, what is 1 - -282e9?
282ea
In base 10, what is -4166 - 5?
-4171
In base 8, what is 171 + 3446?
3637
In base 15, what is 3a + -d7b?
-d41
In base 12, what is 4 + -5004?
-5000
In base 14, what is -61a - -cd?
-52b
In base 14, what is -50 + 4d9?
489
In base 11, what is -48700 - 2?
-48702
In base 8, what is -1 + 33777?
33776
In base 15, what is 1 - 16d2?
-16d1
In base 14, what is -22 - 436?
-458
In base 3, what is -201200 - -100201?
-100222
In base 2, what is -11000000100 + 10110?
-10111101110
In base 8, what is -5 + -2072734?
-2072741
In base 2, what is -100 + 111101000111101?
111101000111001
In base 8, what is 6372 - 31?
6341
In base 2, what is 10111000011 - 11111?
10110100100
In base 15, what is 0 - -8e6a4?
8e6a4
In base 13, what is -2bc + 5?
-2b7
In base 2, what is 11111001 - -10001001?
110000010
In base 11, what is 6 - -148?
153
In base 11, what is -13 + -4a4?
-507
In base 10, what is -5 + -8735?
-8740
In base 7, what is -1060 + 5353?
4263
In base 5, what is 3 - -342302?
342310
In base 2, what is 10110100100011 + 11100?
10110100111111
In base 3, what is 11 + -1210121?
-1210110
In base 14, what is 0 + -16aa?
-16aa
In base 10, what is -8 + -19774?
-19782
In base 7, what is 123155 - -1?
123156
In base 3, what is -11 - -22221011211?
22221011200
In base 9, what is 4 - -48026?
48031
In base 4, what is 201231 - -3321?
211212
In base 11, what is 4 + -1a4232?
-1a4229
In base 13, what is 6c31 + 2?
6c33
In base 14, what is 3224d + 2?
32251
In base 3, what is -1 - -21121222220?
21121222212
In base 9, what is 48854 + -1?
48853
In base 9, what is 32111 - -11?
32122
In base 11, what is aa - -7?
106
In base 16, what is -4 - -3681?
367d
In base 11, what is -8 - -9765?
9758
In base 15, what is -75e + -6a?
-7c9
In base 12, what is 4 - 88037?
-88033
In base 5, what is 240022 + -12?
240010
In base 2, what is -1000100100100010 + 110100?
-1000100011101110
In base 10, what is 3121 - 5?
3116
In base 13, what is 28288 - 3?
28285
In base 10, what is -981 + 46?
-935
In base 10, what is 68059 + 0?
68059
In base 6, what is 53532 - 510?
53022
In base 13, what is 10909 + 1?
1090a
In base 12, what is 5 + 40187?
40190
In base 16, what is -2a9 + -54?
-2fd
In base 11, what is 312 - 1729?
-1417
In base 2, what is -11101111010100 - -10001100?
-11101101001000
In base 12, what is 57370 + -3?
57369
In base 14, what is -1288 + -4?
-128c
In base 13, what is -4 - -1106?
1102
In base 8, what is 3 + -46062?
-46057
In base 4, what is -102303 + -2231?
-111200
In base 7, what is -5 - 263323?
-263331
In base 5, what is -201232314 - 4?
-201232323
In base 16, what is -62b9 + -59?
-6312
In base 10, what is 2 - -2521?
2523
In base 14, what is -2 + 23076?
23074
In base 2, what is 11011100110100010 - 10?
11011100110100000
In base 9, what is 5 - 18357?
-18352
In base 12, what is 3 - 398?
-395
In base 4, what is -13113 - 1321?
-21100
In base 13, what is -17 - c7c7?
-c811
In base 5, what is 42 + 211422?
212014
In base 6, what is 10 - 22553432?
-22553422
In base 12, what is -82a05 - -4?
-82a01
In base 6, what is 54 + 11313?
11411
In base 6, what is 235 + -3543?
-3304
In base 12, what is -9a4 - -2?
-9a2
In base 3, what is -2121 + -10110?
-20001
In base 15, what is -34530 - 5?
-34535
In base 12, what is 12 + 1043?
1055
In base 3, what is 11000022 + 21?
11000120
In base 10, what is 152 - -43932?
44084
In base 2, what is 11101000 + 111?
11101111
In base 4, what is 231 - -100301?
101132
In base 12, what is 71b1 + 5?
71b6
In base 14, what is 1b9ac5 - 1?
1b9ac4
In base 6, what is 3 + 344314?
344321
In base 5, what is -22401101 - -4?
-22401042
In base 12, what is -7083 + 4?
-707b
In base 14, what is 1305 + -30a?
dd9
In base 3, what is -1 + 120000020?
120000012
In base 12, what is -955613 + 0?
-955613
In base 3, what is -1002 + 10011210?
10010201
In base 3, what is 121102101 + 10220?
121120021
In base 7, what is -4 - -2413546?
2413542
In base 15, what is -4 + 5397?
5393
In base 15, what is 7 - 123?
-11b
In base 2, what is 111 + 1011100000101011?
1011100000110010
In base 16, what is -5 + 71b3?
71ae
In base 15, what is 4c2 - 99?
428
In base 11, what is -44329 + 3?
-44326
In base 4, what is 311232 + 332?
312230
In base 10, what is 3 - -5274?
5277
In base 9, what is 2088 - -44?
2143
In base 2, what is 11 + 1001000100001000?
1001000100001011
In base 8, what is 73443 - 1?
73442
In base 5, what is 23401103 - -2?
23401110
In base 4, what is 100323032 + -2?
100323030
In base 11, what is 6540 - -69?
65a9
In base 3, what is -10111 - 212012?
-222200
In base 9, what is 641 